*k. What is the tens digit of h(j)?
2
Let b(g) = -6*g**2 + 67*g**2 + 4 - 5 + 5*g**2 - 4*g. What is the units digit of b(-1)?
9
Suppose -2*n = 5*q + 2184 - 8708, 0 = 3*n - 3*q - 9765. What is the tens digit of n?
5
Let c(n) = 4*n**2 + 25*n - 16. What is the hundreds digit of c(10)?
6
Let o(t) = -t**3 - 7*t**2 - 19*t - 18. What is the hundreds digit of o(-9)?
3
Suppose 0 = 27*i - 29*i + 622. What is the tens digit of i?
1
Let y(g) = 6*g + 18. Let v be y(7). What is the tens digit of (-4 - v/(-4))*2?
2
Let f(v) = -v**2 + 15*v + 302. What is the hundreds digit of f(17)?
2
Suppose -170*w + 165*w + 535 = 0. What is the units digit of w?
7
Let l(m) = -m**3 - 3*m**2 + 216. What is the tens digit of l(0)?
1
Let j be 0*(-4)/(-16) + 3. Suppose 0 = -3*t - 3*x + 225, -j*t + 2*x = -x - 225. What is the units digit of t?
5
Suppose -d + 1983 = -p, -4*d = 2*p - 6660 - 1302. What is the units digit of d?
8
Let a = -3088 + 5676. What is the hundreds digit of a?
5
Suppose -3*f + 5*h = 866 - 5350, -5*h + 10 = 0. What is the units digit of f?
8
Let i(a) = 2*a**3 + 3*a**2 + a + 2. Let n be i(-2). Let h be 16/10*50/n. What is the units digit of (-16)/(-5)*h/(-8)?
8
Let y = -1236 + 1246. What is the units digit of y?
0
Let n be 2 + 1 + 16 + -21. What is the units digit of n + (14/3)/(1/3)?
2
Let g = 966 + 585. What is the hundreds digit of g?
5
Let i(q) = 15*q**2 - 2*q - 1. Let t be i(2). Suppose 0 = 5*k - 4*m - t, -5*k = -6*k - 2*m + 11. What is the tens digit of k?
1
Let a(f) = f - 1. Let u be a(1). Suppose -2*l - l + 450 = u. Suppose -l = -6*s + 162. What is the units digit of s?
2
Let y = 3476 + 2595. What is the tens digit of y?
7
Suppose -2*r + 4*x - 2*x + 7634 = 0, 5*x = 4*r - 15267. What is the hundreds digit of r?
8
Let h be (6/18)/((-2)/(-6)). Let f be (2 - 252)*h/(-2). Suppose -f = -g - 4*g. What is the tens digit of g?
2
Let u = 2302 - 1267. What is the thousands digit of u?
1
Suppose -2*h + 70 - 62 = 0. Suppose -h*k + 80 = -3*k. What is the units digit of k?
0
Suppose 27*m - 12264 = 19*m. What is the units digit of m?
3
Let c = -11 - -14. Suppose -2*z + 2*s = -0*s - 18, 2*z = c*s + 17. Suppose -5*l + 0*l + z = 0. What is the units digit of l?
2
Suppose 0 = -0*j + 3*j. Suppose f - 4 = -j. What is the units digit of f/(-10)*(-36 + -9)?
8
What is the units digit of ((-8566)/20)/((-40)/400)?
3
Let g be 0*1/(-2) - -1. Let q = 7 + -7. Suppose u + g - 2 = q. What is the units digit of u?
1
Suppose -3221 = -7*c + 1196. What is the tens digit of c?
3
Let i(u) = -2*u + 14. Let m be i(6). Let h be 6/(-9)*(-9)/m. Suppose -h*r + 5*c + 38 = 0, 2*c + 8 = r + 5*c. What is the tens digit of r?
1
Suppose -6*o + 296 = 50. Let v = o + -23. What is the tens digit of v?
1
Let m(g) be the second derivative of -13*g**3/2 + 21*g**2/2 - 2*g - 17. What is the hundreds digit of m(-4)?
1
Suppose 5 = 2*p - 1. Let f = 1 - 1. Suppose -d + p*j = -3*d - 11, f = 2*d + 5*j + 21. What is the units digit of d?
2
Suppose 2*b = -13 + 5, -4*k - 4*b + 2848 = 0. What is the units digit of k?
6
Suppose -14 = q + 4. Let g be (-1)/(-2)*0/q. Suppose -2*x - 4*d = 18 - 88, -d + 5 = g. What is the units digit of x?
5
Let q(g) = 2*g + 13. Let h be q(-13). Let a be (3 + -1 + 0)*13. Let k = a + h. What is the units digit of k?
3
Suppose 7*s = 4*s + 237. Let o(u) = -u**3 - 15*u**2 + 4*u + 62. Let n be o(-15). Suppose -2*k = n*i - k - s, 5*i = -5*k + 210. What is the tens digit of i?
3
Suppose -3*o + 7 - 1 = 0, -3*o + 138 = 4*a. What is the units digit of 2910/a + (105/(-33) - -3)?
8
Let n(u) = -u**2 + 19*u + 44. Let o be n(22). Let c(w) = 55*w**2 - w + 1. Let s be c(1). What is the units digit of (4*-1)/(o/s)?
0
What is the hundreds digit of 18/24 - (-9639)/12?
8
Let y(i) = -91*i. Let z be y(2). Let s be (-2)/(-6) + z/(-21). Suppose -s = 3*b - 90. What is the units digit of b?
7
Let c(g) = 245*g + 7. What is the hundreds digit of c(4)?
9
Let l be (-190)/3 - (-14)/(-21). Let w = l + 130. What is the units digit of w?
6
Suppose 5*s - 15 = -p, 3*p + 23 = 2*s - 0*p. Suppose -n - 5*u + 521 = 3*n, -512 = -s*n + 4*u. What is the tens digit of n?
2
Let u(h) = h + 5. Let m be u(4). Let k(o) be the third derivative of -o**6/120 + 2*o**5/15 + 11*o**4/24 - 5*o**3/3 - 9*o**2. What is the units digit of k(m)?
8
Suppose k + 15 = 3*d, -5*k + 4*k = -4*d + 19. Suppose -85 - 1 = -l + 3*x, -2*x - 304 = -d*l. What is the tens digit of l?
7
Let w(p) = p**2 - 15*p + 4. Let h be w(15). Suppose 5*c + 8 = h*c. What is the tens digit of (-34 + c)*9/(-6)?
6
What is the hundreds digit of (-3)/(-9) - (-4606)/6?
7
Let l = -41 + 33. What is the tens digit of (-120)/(-160) - (0 - (-762)/l)?
9
Let q = -434 + 2079. What is the thousands digit of q?
1
Suppose -8 = 4*s + 4*r, -2*s - 5*r + 24 = -10*r. Suppose -2*b + 310 = 4*x - 3*b, -x - s*b = -73. What is the tens digit of x?
7
Let i = -17 - -19. What is the units digit of 82 - (-4)/4 - i?
1
Let p = 283 - 201. Let n(o) = 3*o**3 + 6*o**2 + 7*o + 4. Let j be n(-3). Let c = j + p. What is the tens digit of c?
3
Let p(w) = 2*w**2 + 8*w. Let b = -12 + 6. What is the tens digit of p(b)?
2
Suppose 36 = 5*x - 2*m, -x - 2*m = -0*m. Let k be 37/x - 12/72. Suppose 0 = j + 2*t + k, 2*j + 3*j + 2 = -3*t. What is the units digit of j?
2
Let d = 7 - 6. Let h be 0/(-1) + d/1. Let n = 2 - h. What is the units digit of n?
1
Suppose 3*r + 10312 = 4*l + r, -r + 2584 = l. What is the units digit of l?
0
Let z(n) = 82*n + 207. What is the tens digit of z(17)?
0
Let s(n) = -2*n + 47. Let y be s(0). Let g = 69 - y. What is the tens digit of g?
2
Suppose 3*l - 12 = l. Let x be (-3)/l - 22/(-4). Suppose -9 = -3*s, -3*t - x*s - 7 = -43. What is the units digit of t?
7
Let b(g) = -5*g**2 - 109*g + 41. What is the tens digit of b(-20)?
2
Suppose -2*f = -10, 4*f = h + 2*f + 6. Suppose -32 = h*u - 5*u. What is the units digit of (-8)/u + (-17)/(-4)?
4
Let v = -570 - -1422. What is the hundreds digit of v?
8
Let z be (-3 + 20/15)*-6. What is the units digit of z*(-4)/((-20)/3)?
6
Let w(p) = p + 5. Let i be w(-4). Let m(y) = 37*y + 1. Let t be m(i). Let s = t + -26. What is the units digit of s?
2
Let t(n) = -n**3 + 20*n**2 - 22*n - 2. What is the hundreds digit of t(11)?
8
Let b be -5 + 2 + 4 + 11. Let g be (-328)/18 + b/54. What is the units digit of 1467/81 + 2/g?
8
Let j(w) = -w**3 + 9*w**2 - 7*w - 1. Let u = -3 - -9. Let t = 0 + u. What is the units digit of j(t)?
5
Let p(g) = 2*g - 23. Let a be p(13). Suppose 2*k + 138 = -5*j + 749, -a*k = -4*j + 498. What is the tens digit of j?
2
What is the tens digit of 75/10*16060/66?
2
Let x = 1349 + -675. What is the units digit of x?
4
Let g(m) = -290*m - 32. What is the hundreds digit of g(-3)?
8
What is the tens digit of 267/623 - 13826/(-14)?
8
Let j be (-6)/(-10) - (-4)/10. Let x be (6/10)/(j/5). Suppose q = 2*t - 41, 5*t + x*q = -0*t + 75. What is the units digit of t?
8
Let q be (-38)/(8/12*-1). Let x = q + -41. What is the units digit of x?
6
Suppose 0 = -3*l - 0*l + 6. Suppose -n = 3*h - 9, 0*n - l*n = -h - 4. What is the units digit of 28/(6/3) - h?
2
Suppose 0 = -13*u + 1549 + 2780. What is the hundreds digit of u?
3
Let o(x) = -x**2 + 9. Let c be o(-3). Suppose 3*a - 3*y = 123, 4*y - 9 - 11 = c. What is the tens digit of a?
4
Suppose 7*b - 4*z + 8 = 4*b, 3*z = -5*b + 6. Suppose -5*s - 134 - 9 = -x, -5*x - 5*s + 715 = b. What is the units digit of x?
3
Suppose -3*b + b + 22 = 4*m, -b - 5*m + 23 = 0. Let j be 4/b + (-2)/(-3). Suppose -j*p + 8 + 114 = 0. What is the units digit of p?
1
Let s be (16/(-10))/(1/(-5)). Let c = s - 5. Suppose -k + 53 = c*b, k - 5*b - 48 = -3*b. What is the units digit of k?
0
Let g = 70 + 7. Let o = 141 - g. Suppose -3*j + o = 13. What is the units digit of j?
7
What is the units digit of (-1 - 19)*3026/(-170)?
6
Let u = 50 + -48. Suppose 4*p - 68 = -f, -11*f - u*p = -10*f - 76. What is the units digit of f?
4
Suppose 4*y + 22 = 5*n + y, 0 = -2*y + 2. Suppose 209 = n*r - 166. Suppose -5*q + r = -65. What is the tens digit of q?
2
Suppose -18*v + 6892 = -24824. What is the units digit of v?
2
Let p = -9 + 12. Suppose -q + 2*k = p*k - 30, 54 = 2*q - k. What is the tens digit of q?
2
Let j(t) = -t**3 - 6*t**2 - 5*t + 9. Let u(f) = -2*f + 7. Let c be u(-7). Let y = c + -26. What is the units digit of j(y)?
9
Let d(x) = 47*x**2 + 67*x + 4. Wha